{"id":81,"date":"2018-09-16T11:57:27","date_gmt":"2018-09-16T09:57:27","guid":{"rendered":"http:\/\/develop.logopaedie-burggraf.de\/?page_id=81"},"modified":"2021-12-13T20:28:38","modified_gmt":"2021-12-13T19:28:38","slug":"kindercoaching","status":"publish","type":"page","link":"https:\/\/logopaedie-burggraf.de\/fr\/kindercoaching\/","title":{"rendered":"Coaching pour enfants"},"content":{"rendered":"[vc_row css=\u00a0\u00bb.vc_custom_1537085443198{margin-top: -50px !important;}\u00a0\u00bb][vc_column offset=\u00a0\u00bbvc_hidden-sm vc_hidden-xs\u00a0\u00bb][vc_single_image image=\u00a0\u00bb44&Prime; img_size=\u00a0\u00bbfull\u00a0\u00bb alignment=\u00a0\u00bbcenter\u00a0\u00bb][\/vc_column][vc_column css=\u00a0\u00bb.vc_custom_1537256676339{margin-top: 30px !important;margin-bottom: -30px !important;}\u00a0\u00bb offset=\u00a0\u00bbvc_hidden-lg vc_hidden-md\u00a0\u00bb][vc_single_image image=\u00a0\u00bb44&Prime; img_size=\u00a0\u00bbfull\u00a0\u00bb alignment=\u00a0\u00bbcenter\u00a0\u00bb][\/vc_column][\/vc_row][vc_row][vc_column width=\u00a0\u00bb1\/4&Prime;][vc_single_image image=\u00a0\u00bb157&Prime; img_size=\u00a0\u00bbmedium\u00a0\u00bb][\/vc_column][vc_column width=\u00a0\u00bb1\/4&Prime; offset=\u00a0\u00bbvc_hidden-xs\u00a0\u00bb][vc_single_image image=\u00a0\u00bb148&Prime; img_size=\u00a0\u00bbmedium\u00a0\u00bb][\/vc_column][vc_column width=\u00a0\u00bb1\/4&Prime; offset=\u00a0\u00bbvc_hidden-xs\u00a0\u00bb][vc_single_image image=\u00a0\u00bb158&Prime; img_size=\u00a0\u00bbmedium\u00a0\u00bb][\/vc_column][vc_column width=\u00a0\u00bb1\/4&Prime; offset=\u00a0\u00bbvc_hidden-xs\u00a0\u00bb][vc_single_image image=\u00a0\u00bb160&Prime; img_size=\u00a0\u00bbmedium\u00a0\u00bb][\/vc_column][\/vc_row][vc_row][vc_column][vc_column_text css=\u00a0\u00bb.vc_custom_1639423716102{margin-bottom: 0px !important;}\u00a0\u00bb]\n<div class=\"art-content-layout\">\n<div class=\"art-content-layout-row\">\n<div class=\"art-layout-cell art-content\">\n<div class=\"art-post\">\n<div class=\"art-post-body\">\n<div id=\"post-7\" class=\"art-post-inner art-article post-7 page type-page status-publish hentry\">\n<h4 class=\"art-postheader\"><span style=\"color: #e78502;\">Coaching pour enfants et adolescents :<\/span><\/h4>\n<\/div>\n<\/div>\n<\/div>\n<\/div>\n<\/div>\n<\/div>\n<div class=\"art-footer\">\n<div class=\"art-footer-body\">\n<div class=\"art-footer-text\">\n<div class=\"art-postcontent\">\n<p>La pression qu\u2019endurent quotidiennement les enfants et les adolescents est souvent forte. D\u2019un individu \u00e0 l\u2019autre, le ressenti face aux diff\u00e9rents \u00e9v\u00e9nements du quotidien d\u2019un enfant peut \u00eatre diff\u00e9rent et les r\u00e9actions au stress vari\u00e9es.<\/p>\n<h4><span style=\"color: #e78502;\">\u00cates-vous souvent perplexe et inquiet lorsque votre enfant : <\/span><\/h4>\n<ul>\n<li><span style=\"color: #3976a4;\">Est d\u00e9concentr\u00e9 et confus ?<\/span><\/li>\n<li><span style=\"color: #3976a4;\">Semble d\u00e9motiv\u00e9 ou passif ?<\/span><\/li>\n<li><span style=\"color: #3976a4;\">A des r\u00e9actions de type irrit\u00e9es ou agressives ?<\/span><\/li>\n<li><span style=\"color: #3976a4;\">Est insatisfait ou d\u00e9prim\u00e9 ?<\/span><\/li>\n<li><span style=\"color: #3976a4;\">A des craintes et des inqui\u00e9tudes ?<\/span><\/li>\n<li><span style=\"color: #3976a4;\">Est sous-stimul\u00e9 ou d\u00e9pass\u00e9 ?<\/span><\/li>\n<li><span style=\"color: #3976a4;\">Obtient de mauvaises notes alors qu\u2019il est \u00e0 la hauteur des exigences ?<\/span><\/li>\n<li><span style=\"color: #3976a4;\">N\u2019est pas en mesure d\u2019exploiter pleinement ses comp\u00e9tences et atouts ?<\/span><\/li>\n<\/ul>\n<p>Avez-vous le sentiment que votre enfant vit des obstacles \u00e0 son d\u00e9veloppement ?<\/p>\n<h4><span style=\"color: #e78502;\"><br \/>\nVous pouvez aider et soutenir votre enfant :<\/span><\/h4>\n<p>Le coaching pour enfant emploie de fa\u00e7on rapide des proc\u00e9dures efficaces et m\u00e9thodiques. Votre enfant va \u00eatre soutenu et accompagn\u00e9 dans ses pr\u00e9occupations sp\u00e9cifiques. Les diverses m\u00e9thodes appliqu\u00e9es sont adopt\u00e9es avec l\u00e9g\u00e8ret\u00e9 et durabilit\u00e9. Votre enfant va apprendre \u00e0 rechercher de fa\u00e7on cibl\u00e9e des solutions ainsi qu\u2019\u00e0 mettre au point des strat\u00e9gies pour traiter sa probl\u00e9matique. De plus, les techniques appliqu\u00e9es peuvent \u00eatre imm\u00e9diatement mises en place dans la vie quotidienne de votre enfant.<\/p>\n<h4><span style=\"color: #e78502;\">Ainsi, les probl\u00e8mes peuvent \u00eatre transform\u00e9s en opportunit\u00e9s :<\/span><\/h4>\n<p>Un coaching individuel s\u2019\u00e9tend en g\u00e9n\u00e9ral sur 4 \u00e0 6 s\u00e9ances de 60 minutes. Vous pouvez r\u00e9server vos s\u00e9ances \u00e0 l\u2019unit\u00e9 ou par s\u00e9quences.<\/p>\n<h4><span style=\"color: #e78502;\">Je propose de l\u2019aide dans les domaines suivants :<\/span><\/h4>\n<ul>\n<li><span style=\"color: #3976a4;\">Anxi\u00e9t\u00e9 due \u00e0 l\u2019\u00e9cole et aux contr\u00f4les<\/span><\/li>\n<li><span style=\"color: #3976a4;\">Manque de confiance en soi ou sentiment d\u2019inf\u00e9riorit\u00e9<\/span><\/li>\n<li><span style=\"color: #3976a4;\">Surcharge due \u00e0 la pression scolaire<\/span><\/li>\n<li><span style=\"color: #3976a4;\">Sous-stimulation ou haut potentiel intellectuel<\/span><\/li>\n<li><span style=\"color: #3976a4;\">Concentration<\/span><\/li>\n<li><span style=\"color: #3976a4;\">Difficult\u00e9s d\u2019apprentissage<\/span><\/li>\n<li><span style=\"color: #3976a4;\">Harc\u00e8lement moral (Mobbing)<\/span><\/li>\n<li><span style=\"color: #3976a4;\">Angoisse venant de l\u2019environnement personnel :<\/span>\n<ul>\n<li><span style=\"color: #3976a4;\">Naissance d\u2019un fr\u00e8re ou d\u2019une s\u0153ur<\/span><\/li>\n<li><span style=\"color: #3976a4;\">S\u00e9paration des parents<\/span><\/li>\n<li><span style=\"color: #3976a4;\">Changement d\u2019\u00e9cole ou de groupe social<\/span><\/li>\n<li><span style=\"color: #3976a4;\">Perte d\u2019un proche<\/span><\/li>\n<\/ul>\n<\/li>\n<\/ul>\n<\/div>\n<\/div>\n<\/div>\n<\/div>\n[\/vc_column_text][\/vc_column][vc_column width=\u00a0\u00bb1\/6&Prime;][\/vc_column][\/vc_row]","protected":false},"excerpt":{"rendered":"<p>[vc_row css=\u00a0\u00bb.vc_custom_1537085443198{margin-top: -50px !important;}\u00a0\u00bb][vc_column offset=\u00a0\u00bbvc_hidden-sm vc_hidden-xs\u00a0\u00bb][vc_single_image image=\u00a0\u00bb44&Prime; img_size=\u00a0\u00bbfull\u00a0\u00bb alignment=\u00a0\u00bbcenter\u00a0\u00bb][\/vc_column][vc_column css=\u00a0\u00bb.vc_custom_1537256676339{margin-top: 30px !important;margin-bottom: -30px !important;}\u00a0\u00bb offset=\u00a0\u00bbvc_hidden-lg vc_hidden-md\u00a0\u00bb][vc_single_image image=\u00a0\u00bb44&Prime; img_size=\u00a0\u00bbfull\u00a0\u00bb alignment=\u00a0\u00bbcenter\u00a0\u00bb][\/vc_column][\/vc_row][vc_row][vc_column width=\u00a0\u00bb1\/4&Prime;][vc_single_image image=\u00a0\u00bb157&Prime; img_size=\u00a0\u00bbmedium\u00a0\u00bb][\/vc_column][vc_column width=\u00a0\u00bb1\/4&Prime; offset=\u00a0\u00bbvc_hidden-xs\u00a0\u00bb][vc_single_image image=\u00a0\u00bb148&Prime; img_size=\u00a0\u00bbmedium\u00a0\u00bb][\/vc_column][vc_column width=\u00a0\u00bb1\/4&Prime; offset=\u00a0\u00bbvc_hidden-xs\u00a0\u00bb][vc_single_image image=\u00a0\u00bb158&Prime; img_size=\u00a0\u00bbmedium\u00a0\u00bb][\/vc_column][vc_column width=\u00a0\u00bb1\/4&Prime; offset=\u00a0\u00bbvc_hidden-xs\u00a0\u00bb][vc_single_image image=\u00a0\u00bb160&Prime; img_size=\u00a0\u00bbmedium\u00a0\u00bb][\/vc_column][\/vc_row][vc_row][vc_column][vc_column_text css=\u00a0\u00bb.vc_custom_1639423716102{margin-bottom: 0px !important;}\u00a0\u00bb] Coaching pour enfants et adolescents : La pression qu\u2019endurent quotidiennement les enfants et les adolescents est souvent forte. [&hellip;]<\/p>\n","protected":false},"author":1,"featured_media":0,"parent":0,"menu_order":0,"comment_status":"closed","ping_status":"closed","template":"","meta":{"footnotes":""},"class_list":["post-81","page","type-page","status-publish","hentry"],"_links":{"self":[{"href":"https:\/\/logopaedie-burggraf.de\/fr\/wp-json\/wp\/v2\/pages\/81"}],"collection":[{"href":"https:\/\/logopaedie-burggraf.de\/fr\/wp-json\/wp\/v2\/pages"}],"about":[{"href":"https:\/\/logopaedie-burggraf.de\/fr\/wp-json\/wp\/v2\/types\/page"}],"author":[{"embeddable":true,"href":"https:\/\/logopaedie-burggraf.de\/fr\/wp-json\/wp\/v2\/users\/1"}],"replies":[{"embeddable":true,"href":"https:\/\/logopaedie-burggraf.de\/fr\/wp-json\/wp\/v2\/comments?post=81"}],"version-history":[{"count":21,"href":"https:\/\/logopaedie-burggraf.de\/fr\/wp-json\/wp\/v2\/pages\/81\/revisions"}],"predecessor-version":[{"id":262,"href":"https:\/\/logopaedie-burggraf.de\/fr\/wp-json\/wp\/v2\/pages\/81\/revisions\/262"}],"wp:attachment":[{"href":"https:\/\/logopaedie-burggraf.de\/fr\/wp-json\/wp\/v2\/media?parent=81"}],"curies":[{"name":"wp","href":"https:\/\/api.w.org\/{rel}","templated":true}]}}

[vc_row css= ».vc_custom_1537085443198{margin-top: -50px !important;} »][vc_column offset= »vc_hidden-sm vc_hidden-xs »][vc_single_image image= »44&Prime; img_size= »full » alignment= »center »][/vc_column][vc_column css= ».vc_custom_1537256676339{margin-top: 30px !important;margin-bottom: -30px !important;} » offset= »vc_hidden-lg vc_hidden-md »][vc_single_image image= »44&Prime; img_size= »full » alignment= »center »][/vc_column][/vc_row][vc_row][vc_column width= »1/4&Prime;][vc_single_image image= »157&Prime; img_size= »medium »][/vc_column][vc_column width= »1/4&Prime; offset= »vc_hidden-xs »][vc_single_image image= »148&Prime; img_size= »medium »][/vc_column][vc_column width= »1/4&Prime; offset= »vc_hidden-xs »][vc_single_image image= »158&Prime; img_size= »medium »][/vc_column][vc_column width= »1/4&Prime; offset= »vc_hidden-xs »][vc_single_image image= »160&Prime; img_size= »medium »][/vc_column][/vc_row][vc_row][vc_column][vc_column_text css= ».vc_custom_1639423716102{margin-bottom: 0px !important;} »]
<div class="art-content-layout">
<div class="art-content-layout-row">
<div class="art-layout-cell art-content">
<div class="art-post">
<div class="art-post-body">
<div id="post-7" class="art-post-inner art-article post-7 page type-page status-publish hentry">
<h4 class="art-postheader"><span style="color: #e78502;">Coaching pour enfants et adolescents :</span></h4>
</div>
</div>
</div>
</div>
</div>
</div>
<div class="art-footer">
<div class="art-footer-body">
<div class="art-footer-text">
<div class="art-postcontent">
<p>La pression qu’endurent quotidiennement les enfants et les adolescents est souvent forte. D’un individu à l’autre, le ressenti face aux différents événements du quotidien d’un enfant peut être différent et les réactions au stress variées.</p>
<h4><span style="color: #e78502;">Êtes-vous souvent perplexe et inquiet lorsque votre enfant : </span></h4>
<ul>
<li><span style="color: #3976a4;">Est déconcentré et confus ?</span></li>
<li><span style="color: #3976a4;">Semble démotivé ou passif ?</span></li>
<li><span style="color: #3976a4;">A des réactions de type irritées ou agressives ?</span></li>
<li><span style="color: #3976a4;">Est insatisfait ou déprimé ?</span></li>
<li><span style="color: #3976a4;">A des craintes et des inquiétudes ?</span></li>
<li><span style="color: #3976a4;">Est sous-stimulé ou dépassé ?</span></li>
<li><span style="color: #3976a4;">Obtient de mauvaises notes alors qu’il est à la hauteur des exigences ?</span></li>
<li><span style="color: #3976a4;">N’est pas en mesure d’exploiter pleinement ses compétences et atouts ?</span></li>
</ul>
<p>Avez-vous le sentiment que votre enfant vit des obstacles à son développement ?</p>
<h4><span style="color: #e78502;"><br />
Vous pouvez aider et soutenir votre enfant :</span></h4>
<p>Le coaching pour enfant emploie de façon rapide des procédures efficaces et méthodiques. Votre enfant va être soutenu et accompagné dans ses préoccupations spécifiques. Les diverses méthodes appliquées sont adoptées avec légèreté et durabilité. Votre enfant va apprendre à rechercher de façon ciblée des solutions ainsi qu’à mettre au point des stratégies pour traiter sa problématique. De plus, les techniques appliquées peuvent être immédiatement mises en place dans la vie quotidienne de votre enfant.</p>
<h4><span style="color: #e78502;">Ainsi, les problèmes peuvent être transformés en opportunités :</span></h4>
<p>Un coaching individuel s’étend en général sur 4 à 6 séances de 60 minutes. Vous pouvez réserver vos séances à l’unité ou par séquences.</p>
<h4><span style="color: #e78502;">Je propose de l’aide dans les domaines suivants :</span></h4>
<ul>
<li><span style="color: #3976a4;">Anxiété due à l’école et aux contrôles</span></li>
<li><span style="color: #3976a4;">Manque de confiance en soi ou sentiment d’infériorité</span></li>
<li><span style="color: #3976a4;">Surcharge due à la pression scolaire</span></li>
<li><span style="color: #3976a4;">Sous-stimulation ou haut potentiel intellectuel</span></li>
<li><span style="color: #3976a4;">Concentration</span></li>
<li><span style="color: #3976a4;">Difficultés d’apprentissage</span></li>
<li><span style="color: #3976a4;">Harcèlement moral (Mobbing)</span></li>
<li><span style="color: #3976a4;">Angoisse venant de l’environnement personnel :</span>
<ul>
<li><span style="color: #3976a4;">Naissance d’un frère ou d’une sœur</span></li>
<li><span style="color: #3976a4;">Séparation des parents</span></li>
<li><span style="color: #3976a4;">Changement d’école ou de groupe social</span></li>
<li><span style="color: #3976a4;">Perte d’un proche</span></li>
</ul>
</li>
</ul>
</div>
</div>
</div>
</div>
[/vc_column_text][/vc_column][vc_column width= »1/6&Prime;][/vc_column][/vc_row]
